{"id":110,"date":"2023-04-23T16:30:10","date_gmt":"2023-04-23T16:30:10","guid":{"rendered":"https:\/\/www.kosmetikatrebic.cz\/?page_id=110"},"modified":"2026-01-03T23:40:09","modified_gmt":"2026-01-03T23:40:09","slug":"uvod","status":"publish","type":"page","link":"https:\/\/www.kosmetikatrebic.cz\/?page_id=110","title":{"rendered":"\u00daVOD"},"content":{"rendered":"\n<div class=\"wp-block-columns is-layout-flex wp-container-core-columns-is-layout-9d6595d7 wp-block-columns-is-layout-flex\">\n<div class=\"wp-block-column is-layout-flow wp-block-column-is-layout-flow\">\n<blockquote class=\"wp-block-quote is-layout-flow wp-block-quote-is-layout-flow\">\n<p class=\"wp-block-heading\">Posl\u00e1n\u00edm a n\u00e1pln\u00ed kosmetick\u00e9 p\u00e9\u010de je p\u011bst\u011bn\u00ed t\u011bla, zvl\u00e1\u0161t\u011b o\u0161et\u0159ov\u00e1n\u00ed zdrav\u00e9 pleti a udr\u017eov\u00e1n\u00ed jej\u00edho sv\u011b\u017e\u00edho vzhledu.\u00a0<\/p>\n<p>Na\u0161e ple\u0165 je <strong>denn\u011b vystavov\u00e1na extr\u00e9mn\u00edm podm\u00ednk\u00e1m<\/strong> (nap\u0159. UV z\u00e1\u0159en\u00ed, m\u00e1lo sp\u00e1nku, teplotn\u00ed kontrasty, atd.) a proto si vy\u017eaduje ka\u017edodenn\u00ed p\u00e9\u010di s dostate\u010dn\u00fdm p\u0159\u00edsunem v\u00fd\u017eivn\u00fdch a hydrata\u010dn\u00edch l\u00e1tek.<\/p>\n<p>Dop\u0159ejte si chv\u00edli pro sebe&#8230;<\/p>\n<p>Mil\u00e9 d\u00e1my\u00a0<\/p>\n<p>zastavte se na okam\u017eik a v\u011bnujte \u010das tomu nejd\u016fle\u017eit\u011bj\u0161\u00edmu \u2013 sob\u011b. Najdete u n\u00e1s profesion\u00e1ln\u00ed p\u00e9\u010di, kter\u00e1 rozz\u00e1\u0159\u00ed nejen va\u0161i ple\u0165, ale i v\u00e1\u0161 den.<\/p>\n<p><strong>Co v salonu najdete?<\/strong><\/p>\n<ul>\n<li>Relaxa\u010dn\u00ed kosmetick\u00e1 o\u0161et\u0159en\u00ed na m\u00edru va\u0161\u00ed pleti<\/li>\n<li>Hloubkov\u00e9 \u010di\u0161t\u011bn\u00ed, hydrataci a v\u00fd\u017eivu<\/li>\n<li>Omlazuj\u00edc\u00ed procedury a mas\u00e1\u017ee obli\u010deje<\/li>\n<li>\u00dakony, kter\u00e9 podtrhnou va\u0161i kr\u00e1su<\/li>\n<li>Poradenstv\u00ed v p\u00e9\u010di o ple\u0165\u00a0<\/li>\n<\/ul>\n<p>\ud83c\udf3f <strong>Pro\u010d salon nav\u0161t\u00edvit?<\/strong><\/p>\n<ul>\n<li>Individu\u00e1ln\u00ed p\u0159\u00edstup a <strong>profesion\u00e1ln\u00ed p\u00e9\u010de<\/strong><\/li>\n<li>Pracuji s exkluzivn\u00ed n\u011bmeckou profesion\u00e1ln\u00ed kosmetikou <strong>Dr. Belter<\/strong>, kter\u00e1 \u010derp\u00e1 z l\u00e9\u010div\u00e9 s\u00edly <strong>p\u0159\u00edrodn\u00edch rostlinn\u00fdch v\u00fdta\u017ek\u016f<\/strong> a sou\u010dasn\u011b vyu\u017e\u00edv\u00e1 <strong>vysoce inovativn\u00ed promedic\u00ednsk\u00e9 \u00fa\u010dinn\u00e9 l\u00e1tky<\/strong>. Tato kombinace umo\u017e\u0148uje dosahovat <strong>viditeln\u00fdch v\u00fdsledk\u016f<\/strong> p\u0159i zachov\u00e1n\u00ed maxim\u00e1ln\u00ed \u0161etrnosti k poko\u017ece\u00a0\u00a0<\/li>\n<li><strong>Relaxa\u010dn\u00ed atmosf\u00e9ra<\/strong>, kde zapomenete na stres ka\u017edodenn\u00edho \u017eivota<\/li>\n<\/ul>\n<p>A\u0165 u\u017e hled\u00e1te hloubkovou p\u00e9\u010di, nebo jen chv\u00edli odpo\u010dinku, na\u0161e dve\u0159e jsou v\u00e1m otev\u0159en\u00e9. \ud83c\udf37<\/p>\n<p><strong>T\u011b\u0161\u00edm se na va\u0161i n\u00e1v\u0161t\u011bvu!\u2665<\/strong><\/p>\n<p>Jolana\u00a0<\/p>\n<h4>\u00a0<\/h4>\n<p class=\"wp-block-heading\">\u017d\u00e1dn\u00fd make-up nebude vypadat dob\u0159e na nep\u011bst\u011bn\u00e9 a zanedban\u00e9 pleti.\u00a0<\/p>\n<\/blockquote>\n<\/div>\n\n\n\n<div class=\"wp-block-column is-layout-flow wp-block-column-is-layout-flow\">\n<figure class=\"wp-block-gallery has-nested-images columns-default is-cropped wp-block-gallery-1 is-layout-flex wp-block-gallery-is-layout-flex\">\n<figure class=\"wp-block-image size-large\"><img loading=\"lazy\" decoding=\"async\" width=\"684\" height=\"333\" data-id=\"938\" src=\"https:\/\/www.kosmetikatrebic.cz\/wp-content\/uploads\/2025\/03\/image3001.jpg\" alt=\"\" class=\"wp-image-938\" srcset=\"https:\/\/www.kosmetikatrebic.cz\/wp-content\/uploads\/2025\/03\/image3001.jpg 684w, https:\/\/www.kosmetikatrebic.cz\/wp-content\/uploads\/2025\/03\/image3001-300x146.jpg 300w, https:\/\/www.kosmetikatrebic.cz\/wp-content\/uploads\/2025\/03\/image3001-600x292.jpg 600w\" sizes=\"auto, (max-width: 684px) 100vw, 684px\" \/><\/figure>\n<\/figure>\n<\/div>\n<\/div>\n\n\n\n<h2 class=\"wp-block-heading\"><\/h2>\n\n\n<h4>\u00a0<\/h4>\n\n\n<figure class=\"wp-block-gallery has-nested-images columns-default is-cropped wp-block-gallery-2 is-layout-flex wp-block-gallery-is-layout-flex\">\n<figure class=\"wp-block-image size-large\"><img loading=\"lazy\" decoding=\"async\" width=\"768\" height=\"1024\" data-id=\"976\" src=\"https:\/\/www.kosmetikatrebic.cz\/wp-content\/uploads\/2025\/09\/IMG_4423-768x1024.jpeg\" alt=\"\" class=\"wp-image-976\" srcset=\"https:\/\/www.kosmetikatrebic.cz\/wp-content\/uploads\/2025\/09\/IMG_4423-768x1024.jpeg 768w, https:\/\/www.kosmetikatrebic.cz\/wp-content\/uploads\/2025\/09\/IMG_4423-225x300.jpeg 225w, https:\/\/www.kosmetikatrebic.cz\/wp-content\/uploads\/2025\/09\/IMG_4423-1152x1536.jpeg 1152w, https:\/\/www.kosmetikatrebic.cz\/wp-content\/uploads\/2025\/09\/IMG_4423-1536x2048.jpeg 1536w, https:\/\/www.kosmetikatrebic.cz\/wp-content\/uploads\/2025\/09\/IMG_4423-1320x1760.jpeg 1320w, https:\/\/www.kosmetikatrebic.cz\/wp-content\/uploads\/2025\/09\/IMG_4423-600x800.jpeg 600w, https:\/\/www.kosmetikatrebic.cz\/wp-content\/uploads\/2025\/09\/IMG_4423-scaled.jpeg 1920w\" sizes=\"auto, (max-width: 768px) 100vw, 768px\" \/><\/figure>\n<\/figure>\n","protected":false},"excerpt":{"rendered":"<p>Posl\u00e1n\u00edm a n\u00e1pln\u00ed kosmetick\u00e9 p\u00e9\u010de je p\u011bst\u011bn\u00ed t\u011bla, zvl\u00e1\u0161t\u011b o\u0161et\u0159ov\u00e1n\u00ed zdrav\u00e9 pleti a udr\u017eov\u00e1n\u00ed jej\u00edho sv\u011b\u017e\u00edho vzhledu.\u00a0 Na\u0161e ple\u0165 je denn\u011b vystavov\u00e1na extr\u00e9mn\u00edm podm\u00ednk\u00e1m (nap\u0159. UV z\u00e1\u0159en\u00ed, m\u00e1lo sp\u00e1nku, teplotn\u00ed kontrasty, atd.) a proto si vy\u017eaduje ka\u017edodenn\u00ed p\u00e9\u010di s dostate\u010dn\u00fdm p\u0159\u00edsunem v\u00fd\u017eivn\u00fdch a hydrata\u010dn\u00edch l\u00e1tek. Dop\u0159ejte si chv\u00edli pro sebe&#8230; Mil\u00e9 d\u00e1my\u00a0 zastavte se na [&hellip;]<\/p>\n","protected":false},"author":2,"featured_media":0,"parent":0,"menu_order":0,"comment_status":"closed","ping_status":"closed","template":"","meta":{"om_disable_all_campaigns":false,"_monsterinsights_skip_tracking":false,"_monsterinsights_sitenote_active":false,"_monsterinsights_sitenote_note":"","_monsterinsights_sitenote_category":0,"_uf_show_specific_survey":0,"_uf_disable_surveys":false,"footnotes":""},"class_list":["post-110","page","type-page","status-publish","hentry"],"aioseo_notices":[],"jetpack_sharing_enabled":true,"_links":{"self":[{"href":"https:\/\/www.kosmetikatrebic.cz\/index.php?rest_route=\/wp\/v2\/pages\/110","targetHints":{"allow":["GET"]}}],"collection":[{"href":"https:\/\/www.kosmetikatrebic.cz\/index.php?rest_route=\/wp\/v2\/pages"}],"about":[{"href":"https:\/\/www.kosmetikatrebic.cz\/index.php?rest_route=\/wp\/v2\/types\/page"}],"author":[{"embeddable":true,"href":"https:\/\/www.kosmetikatrebic.cz\/index.php?rest_route=\/wp\/v2\/users\/2"}],"replies":[{"embeddable":true,"href":"https:\/\/www.kosmetikatrebic.cz\/index.php?rest_route=%2Fwp%2Fv2%2Fcomments&post=110"}],"version-history":[{"count":26,"href":"https:\/\/www.kosmetikatrebic.cz\/index.php?rest_route=\/wp\/v2\/pages\/110\/revisions"}],"predecessor-version":[{"id":997,"href":"https:\/\/www.kosmetikatrebic.cz\/index.php?rest_route=\/wp\/v2\/pages\/110\/revisions\/997"}],"wp:attachment":[{"href":"https:\/\/www.kosmetikatrebic.cz\/index.php?rest_route=%2Fwp%2Fv2%2Fmedia&parent=110"}],"curies":[{"name":"wp","href":"https:\/\/api.w.org\/{rel}","templated":true}]}}

ÚVOD

<div class="wp-block-columns is-layout-flex wp-container-core-columns-is-layout-9d6595d7 wp-block-columns-is-layout-flex">
<div class="wp-block-column is-layout-flow wp-block-column-is-layout-flow">
<blockquote class="wp-block-quote is-layout-flow wp-block-quote-is-layout-flow">
<p class="wp-block-heading">Posláním a náplní kosmetické péče je pěstění těla, zvláště ošetřování zdravé pleti a udržování jejího svěžího vzhledu. </p>
<p>Naše pleť je <strong>denně vystavována extrémním podmínkám</strong> (např. UV záření, málo spánku, teplotní kontrasty, atd.) a proto si vyžaduje každodenní péči s dostatečným přísunem výživných a hydratačních látek.</p>
<p>Dopřejte si chvíli pro sebe&#8230;</p>
<p>Milé dámy </p>
<p>zastavte se na okamžik a věnujte čas tomu nejdůležitějšímu – sobě. Najdete u nás profesionální péči, která rozzáří nejen vaši pleť, ale i váš den.</p>
<p><strong>Co v salonu najdete?</strong></p>
<ul>
<li>Relaxační kosmetická ošetření na míru vaší pleti</li>
<li>Hloubkové čištění, hydrataci a výživu</li>
<li>Omlazující procedury a masáže obličeje</li>
<li>Úkony, které podtrhnou vaši krásu</li>
<li>Poradenství v péči o pleť </li>
</ul>
<p>🌿 <strong>Proč salon navštívit?</strong></p>
<ul>
<li>Individuální přístup a <strong>profesionální péče</strong></li>
<li>Pracuji s exkluzivní německou profesionální kosmetikou <strong>Dr. Belter</strong>, která čerpá z léčivé síly <strong>přírodních rostlinných výtažků</strong> a současně využívá <strong>vysoce inovativní promedicínské účinné látky</strong>. Tato kombinace umožňuje dosahovat <strong>viditelných výsledků</strong> při zachování maximální šetrnosti k pokožce  </li>
<li><strong>Relaxační atmosféra</strong>, kde zapomenete na stres každodenního života</li>
</ul>
<p>Ať už hledáte hloubkovou péči, nebo jen chvíli odpočinku, naše dveře jsou vám otevřené. 🌷</p>
<p><strong>Těším se na vaši návštěvu!♥</strong></p>
<p>Jolana </p>
<h4> </h4>
<p class="wp-block-heading">Žádný make-up nebude vypadat dobře na nepěstěné a zanedbané pleti. </p>
</blockquote>
</div>



<div class="wp-block-column is-layout-flow wp-block-column-is-layout-flow">
<figure class="wp-block-gallery has-nested-images columns-default is-cropped wp-block-gallery-1 is-layout-flex wp-block-gallery-is-layout-flex">
<figure class="wp-block-image size-large"><img loading="lazy" decoding="async" width="684" height="333" data-id="938" src="https://www.kosmetikatrebic.cz/wp-content/uploads/2025/03/image3001.jpg" alt="" class="wp-image-938" srcset="https://www.kosmetikatrebic.cz/wp-content/uploads/2025/03/image3001.jpg 684w, https://www.kosmetikatrebic.cz/wp-content/uploads/2025/03/image3001-300x146.jpg 300w, https://www.kosmetikatrebic.cz/wp-content/uploads/2025/03/image3001-600x292.jpg 600w" sizes="auto, (max-width: 684px) 100vw, 684px" /></figure>
</figure>
</div>
</div>



<h2 class="wp-block-heading"></h2>


<h4> </h4>


<figure class="wp-block-gallery has-nested-images columns-default is-cropped wp-block-gallery-2 is-layout-flex wp-block-gallery-is-layout-flex">
<figure class="wp-block-image size-large"><img loading="lazy" decoding="async" width="768" height="1024" data-id="976" src="https://www.kosmetikatrebic.cz/wp-content/uploads/2025/09/IMG_4423-768x1024.jpeg" alt="" class="wp-image-976" srcset="https://www.kosmetikatrebic.cz/wp-content/uploads/2025/09/IMG_4423-768x1024.jpeg 768w, https://www.kosmetikatrebic.cz/wp-content/uploads/2025/09/IMG_4423-225x300.jpeg 225w, https://www.kosmetikatrebic.cz/wp-content/uploads/2025/09/IMG_4423-1152x1536.jpeg 1152w, https://www.kosmetikatrebic.cz/wp-content/uploads/2025/09/IMG_4423-1536x2048.jpeg 1536w, https://www.kosmetikatrebic.cz/wp-content/uploads/2025/09/IMG_4423-1320x1760.jpeg 1320w, https://www.kosmetikatrebic.cz/wp-content/uploads/2025/09/IMG_4423-600x800.jpeg 600w, https://www.kosmetikatrebic.cz/wp-content/uploads/2025/09/IMG_4423-scaled.jpeg 1920w" sizes="auto, (max-width: 768px) 100vw, 768px" /></figure>
</figure>

<p>Posláním a náplní kosmetické péče je pěstění těla, zvláště ošetřování zdravé pleti a udržování jejího svěžího vzhledu.  Naše pleť je denně vystavována extrémním podmínkám (např. UV záření, málo spánku, teplotní kontrasty, atd.) a proto si vyžaduje každodenní péči s dostatečným přísunem výživných a hydratačních látek. Dopřejte si chvíli pro sebe&#8230; Milé dámy  zastavte se na [&hellip;]</p>
