{"id":60,"date":"2023-06-14T06:34:48","date_gmt":"2023-06-14T06:34:48","guid":{"rendered":"https:\/\/www.kosmetikatrebic.cz\/?page_id=60"},"modified":"2024-11-19T23:37:42","modified_gmt":"2024-11-19T23:37:42","slug":"permanentni-make-up","status":"publish","type":"page","link":"https:\/\/www.kosmetikatrebic.cz\/?page_id=60","title":{"rendered":"PERMANENTN\u00cd MAKE-UP\/ Odstran\u011bn\u00ed PMU"},"content":{"rendered":"\n<hr class=\"wp-block-separator has-alpha-channel-opacity\"\/>\n\n\n\n<div class=\"wp-block-columns is-layout-flex wp-container-core-columns-is-layout-9d6595d7 wp-block-columns-is-layout-flex\">\n<div class=\"wp-block-column is-layout-flow wp-block-column-is-layout-flow\">\n<h2 class=\"wp-block-heading\">Pudrov\u00e9 obo\u010d\u00ed<\/h2>\n\n\n\n<ul class=\"wp-block-list\">\n<li>jedn\u00e1 se o techniku st\u00ednov\u00e1n\u00ed <strong>obo\u010d\u00ed<\/strong> pudrov\u00fdm efektem, prov\u00e1d\u011bn\u00e9 speci\u00e1ln\u00edm strojkem na PMU jednor\u00e1zovou jehli\u010dkou. V\u00fdhodou t\u00e9to techniky je, \u017ee je vhodn\u00e1 na v\u0161echny typy pleti. <\/li>\n<\/ul>\n<\/div>\n\n\n\n<div class=\"wp-block-column is-layout-flow wp-block-column-is-layout-flow\">\n<h2 class=\"wp-block-heading\">Aquarell lips<\/h2>\n\n\n\n<ul class=\"wp-block-list\">\n<li>p\u0159irozen\u00e9 probarven\u00ed <strong>rt\u016f.<\/strong> Jemn\u00e1 technika st\u00ednov\u00e1n\u00ed rt\u016f. O\u017eiv\u00ed bled\u00e9 rty. Vyrovn\u00e1 drobn\u00e9 asymetrie rt\u016f. PMU rt\u016f slou\u017e\u00ed na sjednocen\u00ed a zv\u00fdrazn\u011bn\u00ed barvy rt\u016f a hlavn\u011b pro p\u0159id\u00e1n\u00ed kontury, kdy\u017e je kontura rozpit\u00e1, nepravideln\u00e1 nebo nev\u00fdrazn\u00e1.<\/li>\n<\/ul>\n<\/div>\n\n\n\n<div class=\"wp-block-column is-layout-flow wp-block-column-is-layout-flow\">\n<h2 class=\"wp-block-heading\">Horn\u00ed o\u010dn\u00ed linky<\/h2>\n\n\n\n<ul class=\"wp-block-list\">\n<li>linka je v \u0159asov\u00e9m oblouku. O\u010dn\u00ed <strong>linka<\/strong> dod\u00e1 Va\u0161emu pohledu na v\u00fdraznosti.<\/li>\n<\/ul>\n<\/div>\n<\/div>\n\n\n<div class=\"container\">\n<div id=\"primary\" class=\"content-area\"><main id=\"skip-content\" class=\"site-main\" role=\"main\">\n<article id=\"post-60\" class=\"post-60 page type-page status-publish hentry\">\n<div class=\"entry-content\">\n<p>Permanentn\u00ed make-up nebo-li mikropigmentace je metoda aplikace pigmentu do svrchn\u00edch vrstev k\u016f\u017ee. Pigmenty jsou aplikov\u00e1ny pomoc\u00ed mikrojehli\u010dek. \u0160etrn\u00e9 proveden\u00ed. P\u0159irozenost. Podstupuje se p\u0159edev\u0161\u00edm z estetick\u00fdch d\u016fvod\u016f za \u00fa\u010delem zv\u00fdrazn\u011bn\u00ed nebo vymodelov\u00e1n\u00ed dan\u00fdch parti\u00ed obli\u010deje. \u00daspora \u010dasu p\u0159i l\u00ed\u010den\u00ed. D\u00edky permanentn\u00edmu make-upu si m\u016f\u017eete p\u0159ipadat po r\u00e1nu kr\u00e1sn\u011bj\u0161\u00ed a bez pr\u00e1ce.\u00a0S permanentn\u00edm make-upem je\u00a0\u017eena kr\u00e1sn\u00e1 v\u017edy a v\u0161ude, ihned r\u00e1no nebo za horka, p\u0159i sportu i ve vod\u011b.<\/p>\n<p>Dne\u0161n\u00ed techniky PMU nemaj\u00ed za c\u00edl nahradit v\u00fdrazn\u00e9 ve\u010dern\u00ed l\u00ed\u010den\u00ed, ale maj\u00ed p\u016fsobit p\u0159irozen\u011b.\u00a0Prov\u00e1d\u00edm pouze jemn\u00fd a modern\u00ed permanentn\u00ed make-up, kter\u00fd p\u016fsob\u00ed velmi p\u0159irozen\u011b.<\/p>\n<p>\u2013&gt; dlouhodob\u00fd efekt \u2013 1,5-2 roky, dle typu pleti. Sice se metoda naz\u00fdv\u00e1 permanentn\u00ed, ale do konce \u017eivota nevydr\u017e\u00ed, co\u017e je vlastn\u011b dob\u0159e, proto\u017ee trendy i preference ohledn\u011b vlastn\u00edho vzhledu se m\u011bn\u00ed. Po dvou letech (dle typu pleti) je vhodn\u00e9 nechat si permanentn\u00ed make-up o\u017eivit.\u00a0<\/p>\n<h4>\u00a0<\/h4>\n<p>\u2013&gt;\u00a0<strong>PMU nenahrazuje denn\u00ed l\u00ed\u010den\u00ed<\/strong><\/p>\n<p>\u2013&gt; mus\u00ed p\u016fsobit jemn\u011b a p\u0159irozen\u011b<\/p>\n<p><strong>Rozd\u00edl mezi PMU a tetov\u00e1n\u00edm!!!\u00a0<\/strong><\/p>\n<p>Rozd\u00edl je v tom do jak\u00e9 vrstvy se aplikuje pigment \u2013 tetov\u00e1\u017e jde z hlediska anatomie hloub\u011bji. Pokud m\u00e1 n\u011bkdo permanentn\u00ed obo\u010d\u00ed p\u011bt a v\u00edce let, je s nejv\u011bt\u0161\u00ed pravd\u011bpodobnost\u00ed vytetovan\u00e9 tetovac\u00edm inkoustem. Ten v salonu\u00a0nikdy\u00a0nepou\u017e\u00edv\u00e1m. Permanentn\u00ed make-up nen\u00ed jako klasick\u00e9 tetov\u00e1n\u00ed, jedn\u00e1 se o jemn\u00e9 dolad\u011bn\u00ed \u010di zv\u00fdrazn\u011bn\u00ed pomoc\u00ed pigmentace poko\u017eky.\u00a0<\/p>\n<p><strong>HANAMI PIGMENTS<\/strong><\/p>\n<p>Pou\u017e\u00edv\u00e1m pouze vysoce kvalitn\u00ed evropsk\u00e9 pigmenty zna\u010dky Hanami, kter\u00e9 jsou ur\u010deny na obli\u010dej, kter\u00e9 byly vytvo\u0159en\u00e9 pomoc\u00ed inovativn\u00ed a patentov\u00e9 technologie NOVOXX TECHNOLOGY. D\u00edky t\u00e9to technologii jsou pigmenty Hanami odoln\u00e9, stabiln\u00ed a siln\u011b pigmentovan\u00e9, co\u017e je odli\u0161uje od mnoh\u00fdch pigment\u016f dostupn\u00fdch na trhu. Technologie NOVOXX TECHNOLOGY pou\u017e\u00edvan\u00e1 v Hanami Pigments je 100% biologicky kompatibiln\u00ed s na\u0161\u00edm t\u011blem, co\u017e prakticky vylu\u010duje jak\u00e9koliv alergick\u00e9 reakce a zp\u016fsobuje, \u017ee se na\u0161e t\u011blo nechov\u00e1 k barvivu jako k cizorod\u00e9 l\u00e1tce, kterou se sna\u017e\u00ed vylou\u010dit z poko\u017eky. Novoxx stabilizuje mikrobi\u00e1ln\u00ed \u010distotu a kombinac\u00ed miner\u00e1ln\u00edch l\u00e1tek p\u016fsob\u00ed proti z\u00e1n\u011btu a napom\u00e1h\u00e1 procesu hojen\u00ed pigmentace. Pigmenty Hanami se vyr\u00e1b\u011bj\u00ed v n\u011bmeck\u00fdch laborato\u0159\u00edch, kter\u00e9 spl\u0148uj\u00ed nejvy\u0161\u0161\u00ed standardy sterility. Pigmenty Hanami jsou odoln\u00e9 v\u016f\u010di venkovn\u00edm vliv\u016fm. Jejich slo\u017een\u00ed neobsahuje alkohol ani oxidy \u017eeleza, tak\u017ee pigmenty se nem\u011bn\u00ed na ne\u017e\u00e1douc\u00ed \u010dervenou, r\u016f\u017eovou nebo lososovou barvu.<\/p>\n<p><strong>Cen\u00edk:<\/strong><\/p>\n<p>pudrov\u00e9 obo\u010d\u00ed \u2013 3. 500,- K\u010d<\/p>\n<p>korekce (dolad\u011bn\u00ed) pudrov\u00e9ho obo\u010d\u00ed (5 &#8211; 8 t\u00fddn\u016f) \u2013 1. 000,- K\u010d<\/p>\n<p>doba slu\u017eby: 2,5 \u2013 3 hod.<\/p>\n<p>aquarell lips \u2013\u00a0 4. 000,- K\u010d<\/p>\n<p>korekce (dolad\u011bn\u00ed) aquarell lips\u00a0 (5 &#8211; 8 t\u00fddn\u016f) \u2013 1.500,- K\u010d<\/p>\n<p>doba slu\u017eby: 4 \u2013 4,5 hod.\u00a0<\/p>\n<p>o\u010dn\u00ed linky \u2013 1.900,- K\u010d<\/p>\n<p>korekce (dolad\u011bn\u00ed) o\u010dn\u00edch linek (5 &#8211; 8 t\u00fddn\u016f) \u2013 900,- K\u010d<\/p>\n<p>doba slu\u017eby: 2 \u2013 2,5 hod.<\/p>\n<p><strong>Korekce:<\/strong><\/p>\n<p>\u2013 korekci prov\u00e1d\u00edme po 5 a\u017e 6 t\u00fddnech, nikdy ne d\u0159\u00edve ne\u017e po 28 dnech<\/p>\n<p>\u2013 korekce za del\u0161\u00ed dobu ne\u017e 2 m\u011bs\u00edce se nedoporu\u010duje, k\u016f\u017ee toti\u017e m\u016f\u017ee reagovat op\u011bt jako na za\u010d\u00e1tku p\u0159i prvn\u00ed aplikaci<\/p>\n<p>\u2013 p\u0159i korekci m\u016f\u017eeme upravit barvu, tvar nebo sytost<\/p>\n<p>\u2013 doba trv\u00e1n\u00ed korekce je 1,5 a\u017e 2 hodiny<\/p>\n<h2><strong>Kontraindikace pro PMU<\/strong><\/h2>\n<p>Pro koho je mikropigmentace nevhodn\u00e1<\/p>\n<p>\u2022 v\u011bk do 18 let<\/p>\n<p>\u2022 akutn\u00ed virov\u00e9 \u010di bakteri\u00e1ln\u00ed onemocn\u011bn\u00ed<\/p>\n<p>\u2022 akutn\u00ed a chronick\u00fd v\u00fdsev oparu<\/p>\n<p>\u2022 l\u00e9ky na \u0159ed\u011bn\u00ed krve<\/p>\n<p>\u2022 diabetes<\/p>\n<p>\u2022 epilepsie<\/p>\n<p>\u2022 \u010derstv\u011b sp\u00e1len\u00e1 nebo jinak podr\u00e1\u017ed\u011bn\u00e1 poko\u017eka<\/p>\n<p>\u2022 lup\u00e9nka v m\u00edst\u011b aplikace \u010di jin\u00e9 ko\u017en\u00ed onemocn\u011bn\u00ed<\/p>\n<p>\u2022 akutn\u00ed pylov\u00e1 nebo jin\u00e1 alergie<\/p>\n<p>\u2022 alergie na n\u011bkterou ze slo\u017eek p\u0159\u00edpravk\u016f pro PMU<\/p>\n<p>\u2022 alergie na dekorativn\u00ed kosmetiku<\/p>\n<p>\u2022 \u010derstv\u011b po aplikaci derm\u00e1ln\u00ed mezoterapie, botulotoxinu, chemick\u00e9ho peelingu atd<\/p>\n<p>\u2022 keloidn\u00ed a hypertrofick\u00e9 jizvy<\/p>\n<p>\u2022 nesm\u00ed b\u00fdt prov\u00e1d\u011bno u t\u011bhotn\u00fdch, koj\u00edc\u00edch a u \u017een, u kter\u00fdch skon\u010dila laktace, a to 3 m\u011bs\u00edce od skon\u010den\u00ed kojen\u00ed<\/p>\n<p>\u2022 nesm\u00ed b\u00fdt prov\u00e1d\u011bno v p\u0159\u00edpad\u011b nemoci nebo zhor\u0161en\u00e9ho zdravotn\u00edho stavu pacienta a v p\u0159\u00edpad\u011b bran\u00ed antibiotik lze z\u00e1krok prov\u00e1d\u011bt a\u017e minim\u00e1ln\u011b 14 dn\u00ed po dobr\u00e1n\u00ed takov\u00fdch l\u00e9k\u016f<\/p>\n<p>\u2022 nesm\u00ed b\u00fdt prov\u00e1d\u011bno v p\u0159\u00edpad\u011b imunodeficientn\u00edho stavu pacienta a u onkologick\u00fdch pacient\u016f minim\u00e1ln\u011b 6 m\u011bs\u00edc\u016f po ukon\u010den\u00ed l\u00e9\u010dby<\/p>\n<p>\u2022 v p\u0159\u00edpad\u011b alergie, diabetu, velmi vysok\u00e9ho krevn\u00edho tlaku, lup\u00e9nky, ex\u00e9mu, seborey, dermatitidy a dal\u0161\u00edch ko\u017en\u00edch probl\u00e9m\u016f, d\u00e1le v p\u0159\u00edpad\u011b srde\u010dn\u00edch a c\u00e9vn\u00edch probl\u00e9m\u016f je mo\u017en\u00fd z\u00e1krok prov\u00e1d\u011bt a\u017e po konzultaci s l\u00e9ka\u0159em a s n\u00e1sledn\u00fdm l\u00e9ka\u0159sk\u00fdm potvrzen\u00edm<\/p>\n<p>\u2022 nesm\u00ed b\u00fdt prov\u00e1d\u011bno u pacient\u016f s l\u00e9ky proti sr\u00e1\u017elivosti krve, z\u00e1palem o\u010d\u00ed a hemofili\u00ed<\/p>\n<p>\u2022 nesm\u00ed b\u00fdt prov\u00e1d\u011bno u pacient\u016f s keloidn\u00edmi jizvami<\/p>\n<p>\u2022 obo\u010d\u00ed se nesm\u00ed barvit u kosmeti\u010dky minim\u00e1ln\u011b 10 dn\u00ed p\u0159ed z\u00e1krokem<\/p>\n<p>\u2022 minim\u00e1ln\u011b 7 dn\u00ed p\u0159ed z\u00e1krokem \u017e\u00e1dn\u00e9 podstoupen\u00ed chemick\u00e9ho o\u0161et\u0159en\u00ed pleti<\/p>\n<p>\u2022 minim\u00e1ln\u011b 24 hodin p\u0159ed z\u00e1krokem z\u00e1kaz konzumace K\u00c1VY, alkoholu a energetick\u00fdch n\u00e1poj\u016f<\/p>\n<p>\u2022 v obdob\u00ed menstruace lze o\u010dek\u00e1vat v\u011bt\u0161\u00ed citlivost, ale nejedn\u00e1 se o kontraindikaci<\/p>\n<p>\u2022 star\u00fd PMU lze pova\u017eovat za kontraindikaci<\/p>\n<p>\u2022 p\u0159i extr\u00e9mn\u011b mastn\u00e9 pleti nebo akn\u00e9 se z\u00e1krok nedoporu\u010duje a to ani u velmi p\u00f3rovit\u00e9 pleti<\/p>\n<p>\u2022 v p\u0159\u00edpad\u011b aplikace botulotoxinu do \u010dela lze z\u00e1krok prov\u00e1d\u011bt a\u017e po uplynut\u00ed 4 t\u00fddn\u016f, v p\u0159\u00edpad\u011b aplikace p\u0159ed z\u00e1krokem, je pot\u0159eba po\u010dkat alespo\u0148 1 m\u011bs\u00edc<\/p>\n<p>Minim\u00e1ln\u011b 14 dn\u00ed po z\u00e1kroku plat\u00ed z\u00e1kaz n\u00e1v\u0161t\u011bvy sol\u00e1ria, baz\u00e9nu a ve\u0159ejn\u00fdch koupali\u0161\u0165, neaplikovat \u017e\u00e1dn\u00e9 agresivn\u00ed kosmetick\u00e9 p\u0159\u00edpravky, jako je peeling chemick\u00fd, enzymatick\u00fd \u010di abrazivn\u00ed.<\/p>\n<p><strong>LOK\u00c1LN\u00cd KONTRAINDIKACE<\/strong><\/p>\n<p>(projevy, kter\u00e9 omezuj\u00ed proveden\u00ed v\u00fdkonu v dan\u00e9 lokalit\u011b)<\/p>\n<p>\u2022 \u010derstv\u00e1 jizva, lup\u00e9nka, po\u0161kozen\u00e1 ple\u0165, v\u00edce \u0161ul\u00edc\u00ed se ple\u0165<\/p>\n<p>\u2022 ple\u0165, kter\u00e1 je zarudl\u00e1 v m\u00edst\u011b PMU<\/p>\n<p>\u2022 mate\u0159sk\u00e9 znam\u00e9nko, pigmentov\u00e1 l\u00e9ze v m\u00edst\u011b aplikace, fibromy, sta\u0159eck\u00e9 bradavice atd.<\/p>\n<p>\u2022 dermatitida<\/p>\n<p>\u2022 ekz\u00e9m<\/p>\n<p>\u2022 roz\u0161\u00ed\u0159en\u00e9 \u017eilky<\/p>\n<p><strong>Obo\u010d\u00ed<\/strong><\/p>\n<p>\u2022 \u010derstv\u00e1 jizva (cca 1 rok)<\/p>\n<p>\u2022 z\u00e1n\u011bt spojivek (konjunktivitida), je\u010dn\u00e9 zrno<\/p>\n<p>\u2022 podr\u00e1\u017ed\u011bn\u00e1 rohovka, kontaktn\u00ed \u010do\u010dky (nutno vyndat)<\/p>\n<p>\u2022 \u201cum\u011bl\u00e9\u201d \u0159asy<\/p>\n<p>\u2022 \u010derstv\u00e1 operace horn\u00edch v\u00ed\u010dek (blefaroplastika) \u2013 odstup 2-3 m\u011bs\u00edce<\/p>\n<p><strong>Rty<\/strong><\/p>\n<p>\u2022 p\u0159i v\u00fdskytu oparu v minulosti nutno nasadit HERPESIN nebo ZOVIRAX tablety ve spr\u00e1vn\u00e9m d\u00e1vkov\u00e1n\u00ed<\/p>\n<p>L\u00e9ky zhor\u0161uj\u00edc\u00ed uchycen\u00ed pigmentu<\/p>\n<p>\u2022 l\u00e9ky na \u0161t\u00edtnou \u017el\u00e1zu<\/p>\n<p>\u2022 antidepresiva<\/p>\n<p>\u2022 vysok\u00e9 d\u00e1vky vitam\u00ednu C<\/p>\n<p>\u2022 o\u010distn\u00e9 k\u016fry, zelen\u00fd je\u010dmen, chlorela, detoxika\u010dn\u00ed k\u016fra<\/p>\n<p>\u2022 l\u00e9ky na vysok\u00fd tlak<\/p>\n<p>\u2022 l\u00e9ky na \u0159ed\u011bn\u00ed krve<\/p>\n<p>Vn\u011bj\u0161\u00ed podm\u00ednky zkracuj\u00edc\u00ed ulo\u017een\u00ed pigmentu v k\u016f\u017ei<\/p>\n<p>\u2022 pou\u017e\u00edv\u00e1n\u00ed p\u0159\u00edpravk\u016f s retinolem, kyselinou glykolovou, ml\u00e9\u010dnou aj. podporuj\u00edc\u00ed obnovu pleti<\/p>\n<p>\u2022 \u010dast\u00e9 slun\u011bn\u00ed, sol\u00e1rium, nadm\u011brn\u00e9 pocen\u00ed<\/p>\n<hr class=\"wp-block-separator has-alpha-channel-opacity\" \/>\n<h1 class=\"wp-block-heading\">Odstran\u011bn\u00ed permanentn\u00edho make-upu<\/h1>\n<p>\u0160etrn\u00e1 metoda odstran\u011bn\u00ed star\u00e9ho nebo necht\u011bn\u00e9ho PMU speci\u00e1ln\u00edm roztokem. Odstran\u011bn\u00ed v\u0161ech druh\u016f barev v\u010d. zelen\u00e9, b\u00e9\u017eov\u00e9 a b\u00edl\u00e9. Remover neobsahuje \u017e\u00e1dn\u00e9 karcinogenn\u00ed l\u00e1tky. Minim\u00e1ln\u00ed riziko zjizven\u00ed. Je m\u00e9n\u011b traumatizuj\u00edc\u00ed ne\u017e laser.\u00a0<\/p>\n<p>Nejv\u00edce z\u00e1le\u017e\u00ed na tom, jak V\u00e1\u0161 star\u00fd PMU vypad\u00e1. N\u011bkdy je pot\u0159eba v\u00edce sezen\u00ed (z\u00e1le\u017e\u00ed na hloubce, odst\u00ednu a st\u00e1\u0159\u00ed tetov\u00e1n\u00ed). Po\u010det sezen\u00ed nelze ur\u010dit p\u0159edem, to v\u017edy vid\u00edme a\u017e po prvn\u00edm z\u00e1kroku. Jeden proces trv\u00e1 jeden m\u011bs\u00edc.\u00a0<\/p>\n<p>Cena\u2026\u2026\u2026\u2026\u2026\u2026\u2026\u2026\u2026\u2026\u2026\u2026\u2026\u2026od 1 200,- K\u010d\/1. o\u0161et\u0159en\u00ed<\/p>\n<p>-dle rozsahu<\/p>\n<\/div>\n<\/article>\n<p>\u00a0<\/p>\n<\/main><\/div>\n<\/div>\n<footer id=\"colophon\" class=\"site-footer\" role=\"contentinfo\">\n<div class=\"footer-overlay\">\u00a0<\/div>\n<div class=\"container\">\n<aside class=\"widget-area\" role=\"complementary\">\n<div class=\"row\">\n<div class=\"widget-column footer-widget-1 col-lg-3 col-md-3\">\u00a0<\/div>\n<div class=\"widget-column footer-widget-2 col-lg-3 col-md-3\">\u00a0<\/div>\n<div class=\"widget-column footer-widget-3 col-lg-3 col-md-3\">\u00a0<\/div>\n<div class=\"widget-column footer-widget-4 col-lg-3 col-md-3\">\u00a0<\/div>\n<\/div>\n<\/aside>\n<\/div>\n<div class=\"copyright\">\n<div class=\"container\">\n<div class=\"site-info\">\n<p>\u00a0<\/p>\n<\/div>\n<\/div>\n<\/div>\n<\/footer>","protected":false},"excerpt":{"rendered":"<p>Pudrov\u00e9 obo\u010d\u00ed Aquarell lips Horn\u00ed o\u010dn\u00ed linky Permanentn\u00ed make-up nebo-li mikropigmentace je metoda aplikace pigmentu do svrchn\u00edch vrstev k\u016f\u017ee. Pigmenty jsou aplikov\u00e1ny pomoc\u00ed mikrojehli\u010dek. \u0160etrn\u00e9 proveden\u00ed. P\u0159irozenost. Podstupuje se p\u0159edev\u0161\u00edm z estetick\u00fdch d\u016fvod\u016f za \u00fa\u010delem zv\u00fdrazn\u011bn\u00ed nebo vymodelov\u00e1n\u00ed dan\u00fdch parti\u00ed obli\u010deje. \u00daspora \u010dasu p\u0159i l\u00ed\u010den\u00ed. D\u00edky permanentn\u00edmu make-upu si m\u016f\u017eete p\u0159ipadat po r\u00e1nu kr\u00e1sn\u011bj\u0161\u00ed a [&hellip;]<\/p>\n","protected":false},"author":2,"featured_media":0,"parent":0,"menu_order":0,"comment_status":"closed","ping_status":"closed","template":"","meta":{"om_disable_all_campaigns":false,"_monsterinsights_skip_tracking":false,"_monsterinsights_sitenote_active":false,"_monsterinsights_sitenote_note":"","_monsterinsights_sitenote_category":0,"_uf_show_specific_survey":0,"_uf_disable_surveys":false,"footnotes":""},"class_list":["post-60","page","type-page","status-publish","hentry"],"aioseo_notices":[],"jetpack_sharing_enabled":true,"_links":{"self":[{"href":"https:\/\/www.kosmetikatrebic.cz\/index.php?rest_route=\/wp\/v2\/pages\/60","targetHints":{"allow":["GET"]}}],"collection":[{"href":"https:\/\/www.kosmetikatrebic.cz\/index.php?rest_route=\/wp\/v2\/pages"}],"about":[{"href":"https:\/\/www.kosmetikatrebic.cz\/index.php?rest_route=\/wp\/v2\/types\/page"}],"author":[{"embeddable":true,"href":"https:\/\/www.kosmetikatrebic.cz\/index.php?rest_route=\/wp\/v2\/users\/2"}],"replies":[{"embeddable":true,"href":"https:\/\/www.kosmetikatrebic.cz\/index.php?rest_route=%2Fwp%2Fv2%2Fcomments&post=60"}],"version-history":[{"count":17,"href":"https:\/\/www.kosmetikatrebic.cz\/index.php?rest_route=\/wp\/v2\/pages\/60\/revisions"}],"predecessor-version":[{"id":785,"href":"https:\/\/www.kosmetikatrebic.cz\/index.php?rest_route=\/wp\/v2\/pages\/60\/revisions\/785"}],"wp:attachment":[{"href":"https:\/\/www.kosmetikatrebic.cz\/index.php?rest_route=%2Fwp%2Fv2%2Fmedia&parent=60"}],"curies":[{"name":"wp","href":"https:\/\/api.w.org\/{rel}","templated":true}]}}