{"id":70,"date":"2023-06-14T07:25:09","date_gmt":"2023-06-14T07:25:09","guid":{"rendered":"https:\/\/www.kosmetikatrebic.cz\/?page_id=70"},"modified":"2024-11-20T00:06:32","modified_gmt":"2024-11-20T00:06:32","slug":"kontakt","status":"publish","type":"page","link":"https:\/\/www.kosmetikatrebic.cz\/","title":{"rendered":"KONTAKT"},"content":{"rendered":"\n<div class=\"wp-block-columns is-layout-flex wp-container-core-columns-is-layout-9d6595d7 wp-block-columns-is-layout-flex\">\n<div class=\"wp-block-column is-layout-flow wp-block-column-is-layout-flow\">\n<h3><strong>Adresa:<\/strong><\/h3>\n<p><strong>ul. Milady Hor\u00e1kov\u00e9 404<\/strong><\/p>\n<p><strong>674 01 T\u0159eb\u00ed\u010d &#8211; T\u00fdn<\/strong><\/p>\n<p><strong>(parkov\u00e1n\u00ed p\u0159\u00edmo p\u0159ed domem)<\/strong><\/p>\n<h3>Telefonn\u00ed \u010d\u00edslo:<\/h3>\n<p><strong>+420 606 756 075<\/strong><\/p>\n<h3>E-mail:\u00a0<\/h3>\n<p><strong>jolanasmejkalova@seznam.cz<\/strong><\/p>\n<h3>Instagram:<\/h3>\n<p><strong>@h_cosmetics_jolana_holikova<\/strong><\/p>\n<h3>Otev\u00edrac\u00ed doba:<\/h3>\n<p><strong>dle telefonick\u00e9 domluvy<\/strong><\/p>\n<p><strong>(obvykle 08.30 &#8211; 20.00 hodin)<\/strong><\/p>\n<\/div>\n\n\n\n<div class=\"wp-block-column is-layout-flow wp-block-column-is-layout-flow\">\n<figure class=\"wp-block-gallery has-nested-images columns-default is-cropped wp-block-gallery-1 is-layout-flex wp-block-gallery-is-layout-flex\">\n<figure class=\"wp-block-image size-full\"><img loading=\"lazy\" decoding=\"async\" width=\"600\" height=\"618\" data-id=\"265\" src=\"https:\/\/www.kosmetikatrebic.cz\/wp-content\/uploads\/2023\/07\/stazeny-soubor-4.jpg\" alt=\"\" class=\"wp-image-265\" srcset=\"https:\/\/www.kosmetikatrebic.cz\/wp-content\/uploads\/2023\/07\/stazeny-soubor-4.jpg 600w, https:\/\/www.kosmetikatrebic.cz\/wp-content\/uploads\/2023\/07\/stazeny-soubor-4-291x300.jpg 291w\" sizes=\"auto, (max-width: 600px) 100vw, 600px\" \/><\/figure>\n\n\n\n<figure class=\"wp-block-image size-full\"><img loading=\"lazy\" decoding=\"async\" width=\"674\" height=\"932\" data-id=\"266\" src=\"https:\/\/www.kosmetikatrebic.cz\/wp-content\/uploads\/2023\/07\/stazeny-soubor-2.jpg\" alt=\"\" class=\"wp-image-266\" srcset=\"https:\/\/www.kosmetikatrebic.cz\/wp-content\/uploads\/2023\/07\/stazeny-soubor-2.jpg 674w, https:\/\/www.kosmetikatrebic.cz\/wp-content\/uploads\/2023\/07\/stazeny-soubor-2-600x830.jpg 600w, https:\/\/www.kosmetikatrebic.cz\/wp-content\/uploads\/2023\/07\/stazeny-soubor-2-217x300.jpg 217w\" sizes=\"auto, (max-width: 674px) 100vw, 674px\" \/><\/figure>\n\n\n\n<figure class=\"wp-block-image size-full\"><img loading=\"lazy\" decoding=\"async\" width=\"702\" height=\"932\" data-id=\"273\" src=\"https:\/\/www.kosmetikatrebic.cz\/wp-content\/uploads\/2023\/07\/stazeny-soubor-5-1.jpg\" alt=\"\" class=\"wp-image-273\" srcset=\"https:\/\/www.kosmetikatrebic.cz\/wp-content\/uploads\/2023\/07\/stazeny-soubor-5-1.jpg 702w, https:\/\/www.kosmetikatrebic.cz\/wp-content\/uploads\/2023\/07\/stazeny-soubor-5-1-600x797.jpg 600w, https:\/\/www.kosmetikatrebic.cz\/wp-content\/uploads\/2023\/07\/stazeny-soubor-5-1-226x300.jpg 226w\" sizes=\"auto, (max-width: 702px) 100vw, 702px\" \/><\/figure>\n\n\n\n<figure class=\"wp-block-image size-full\"><img loading=\"lazy\" decoding=\"async\" width=\"302\" height=\"403\" data-id=\"788\" src=\"https:\/\/www.kosmetikatrebic.cz\/wp-content\/uploads\/2024\/11\/IMG_1641.png\" alt=\"\" class=\"wp-image-788\" srcset=\"https:\/\/www.kosmetikatrebic.cz\/wp-content\/uploads\/2024\/11\/IMG_1641.png 302w, https:\/\/www.kosmetikatrebic.cz\/wp-content\/uploads\/2024\/11\/IMG_1641-225x300.png 225w\" sizes=\"auto, (max-width: 302px) 100vw, 302px\" \/><\/figure>\n\n\n\n<figure class=\"wp-block-image size-full\"><img loading=\"lazy\" decoding=\"async\" width=\"659\" height=\"932\" data-id=\"270\" src=\"https:\/\/www.kosmetikatrebic.cz\/wp-content\/uploads\/2023\/07\/stazeny-soubor-3-1.jpg\" alt=\"\" class=\"wp-image-270\" srcset=\"https:\/\/www.kosmetikatrebic.cz\/wp-content\/uploads\/2023\/07\/stazeny-soubor-3-1.jpg 659w, https:\/\/www.kosmetikatrebic.cz\/wp-content\/uploads\/2023\/07\/stazeny-soubor-3-1-600x849.jpg 600w, https:\/\/www.kosmetikatrebic.cz\/wp-content\/uploads\/2023\/07\/stazeny-soubor-3-1-212x300.jpg 212w\" sizes=\"auto, (max-width: 659px) 100vw, 659px\" \/><\/figure>\n<\/figure>\n<\/div>\n<\/div>\n\n\n\n<p><\/p>\n","protected":false},"excerpt":{"rendered":"<p>Adresa: ul. Milady Hor\u00e1kov\u00e9 404 674 01 T\u0159eb\u00ed\u010d &#8211; T\u00fdn (parkov\u00e1n\u00ed p\u0159\u00edmo p\u0159ed domem) Telefonn\u00ed \u010d\u00edslo: +420 606 756 075 E-mail:\u00a0 jolanasmejkalova@seznam.cz Instagram: @h_cosmetics_jolana_holikova Otev\u00edrac\u00ed doba: dle telefonick\u00e9 domluvy (obvykle 08.30 &#8211; 20.00 hodin)<\/p>\n","protected":false},"author":2,"featured_media":0,"parent":0,"menu_order":0,"comment_status":"closed","ping_status":"closed","template":"","meta":{"om_disable_all_campaigns":false,"_monsterinsights_skip_tracking":false,"_monsterinsights_sitenote_active":false,"_monsterinsights_sitenote_note":"","_monsterinsights_sitenote_category":0,"_uf_show_specific_survey":0,"_uf_disable_surveys":false,"footnotes":""},"class_list":["post-70","page","type-page","status-publish","hentry"],"aioseo_notices":[],"jetpack_sharing_enabled":true,"_links":{"self":[{"href":"https:\/\/www.kosmetikatrebic.cz\/index.php?rest_route=\/wp\/v2\/pages\/70","targetHints":{"allow":["GET"]}}],"collection":[{"href":"https:\/\/www.kosmetikatrebic.cz\/index.php?rest_route=\/wp\/v2\/pages"}],"about":[{"href":"https:\/\/www.kosmetikatrebic.cz\/index.php?rest_route=\/wp\/v2\/types\/page"}],"author":[{"embeddable":true,"href":"https:\/\/www.kosmetikatrebic.cz\/index.php?rest_route=\/wp\/v2\/users\/2"}],"replies":[{"embeddable":true,"href":"https:\/\/www.kosmetikatrebic.cz\/index.php?rest_route=%2Fwp%2Fv2%2Fcomments&post=70"}],"version-history":[{"count":26,"href":"https:\/\/www.kosmetikatrebic.cz\/index.php?rest_route=\/wp\/v2\/pages\/70\/revisions"}],"predecessor-version":[{"id":790,"href":"https:\/\/www.kosmetikatrebic.cz\/index.php?rest_route=\/wp\/v2\/pages\/70\/revisions\/790"}],"wp:attachment":[{"href":"https:\/\/www.kosmetikatrebic.cz\/index.php?rest_route=%2Fwp%2Fv2%2Fmedia&parent=70"}],"curies":[{"name":"wp","href":"https:\/\/api.w.org\/{rel}","templated":true}]}}

<div class="wp-block-columns is-layout-flex wp-container-core-columns-is-layout-9d6595d7 wp-block-columns-is-layout-flex">
<div class="wp-block-column is-layout-flow wp-block-column-is-layout-flow">
<h3><strong>Adresa:</strong></h3>
<p><strong>ul. Milady Horákové 404</strong></p>
<p><strong>674 01 Třebíč &#8211; Týn</strong></p>
<p><strong>(parkování přímo před domem)</strong></p>
<h3>Telefonní číslo:</h3>
<p><strong>+420 606 756 075</strong></p>
<h3>E-mail: </h3>
<p><strong>jolanasmejkalova@seznam.cz</strong></p>
<h3>Instagram:</h3>
<p><strong>@h_cosmetics_jolana_holikova</strong></p>
<h3>Otevírací doba:</h3>
<p><strong>dle telefonické domluvy</strong></p>
<p><strong>(obvykle 08.30 &#8211; 20.00 hodin)</strong></p>
</div>



<div class="wp-block-column is-layout-flow wp-block-column-is-layout-flow">
<figure class="wp-block-gallery has-nested-images columns-default is-cropped wp-block-gallery-1 is-layout-flex wp-block-gallery-is-layout-flex">
<figure class="wp-block-image size-full"><img loading="lazy" decoding="async" width="600" height="618" data-id="265" src="https://www.kosmetikatrebic.cz/wp-content/uploads/2023/07/stazeny-soubor-4.jpg" alt="" class="wp-image-265" srcset="https://www.kosmetikatrebic.cz/wp-content/uploads/2023/07/stazeny-soubor-4.jpg 600w, https://www.kosmetikatrebic.cz/wp-content/uploads/2023/07/stazeny-soubor-4-291x300.jpg 291w" sizes="auto, (max-width: 600px) 100vw, 600px" /></figure>



<figure class="wp-block-image size-full"><img loading="lazy" decoding="async" width="674" height="932" data-id="266" src="https://www.kosmetikatrebic.cz/wp-content/uploads/2023/07/stazeny-soubor-2.jpg" alt="" class="wp-image-266" srcset="https://www.kosmetikatrebic.cz/wp-content/uploads/2023/07/stazeny-soubor-2.jpg 674w, https://www.kosmetikatrebic.cz/wp-content/uploads/2023/07/stazeny-soubor-2-600x830.jpg 600w, https://www.kosmetikatrebic.cz/wp-content/uploads/2023/07/stazeny-soubor-2-217x300.jpg 217w" sizes="auto, (max-width: 674px) 100vw, 674px" /></figure>



<figure class="wp-block-image size-full"><img loading="lazy" decoding="async" width="702" height="932" data-id="273" src="https://www.kosmetikatrebic.cz/wp-content/uploads/2023/07/stazeny-soubor-5-1.jpg" alt="" class="wp-image-273" srcset="https://www.kosmetikatrebic.cz/wp-content/uploads/2023/07/stazeny-soubor-5-1.jpg 702w, https://www.kosmetikatrebic.cz/wp-content/uploads/2023/07/stazeny-soubor-5-1-600x797.jpg 600w, https://www.kosmetikatrebic.cz/wp-content/uploads/2023/07/stazeny-soubor-5-1-226x300.jpg 226w" sizes="auto, (max-width: 702px) 100vw, 702px" /></figure>



<figure class="wp-block-image size-full"><img loading="lazy" decoding="async" width="302" height="403" data-id="788" src="https://www.kosmetikatrebic.cz/wp-content/uploads/2024/11/IMG_1641.png" alt="" class="wp-image-788" srcset="https://www.kosmetikatrebic.cz/wp-content/uploads/2024/11/IMG_1641.png 302w, https://www.kosmetikatrebic.cz/wp-content/uploads/2024/11/IMG_1641-225x300.png 225w" sizes="auto, (max-width: 302px) 100vw, 302px" /></figure>



<figure class="wp-block-image size-full"><img loading="lazy" decoding="async" width="659" height="932" data-id="270" src="https://www.kosmetikatrebic.cz/wp-content/uploads/2023/07/stazeny-soubor-3-1.jpg" alt="" class="wp-image-270" srcset="https://www.kosmetikatrebic.cz/wp-content/uploads/2023/07/stazeny-soubor-3-1.jpg 659w, https://www.kosmetikatrebic.cz/wp-content/uploads/2023/07/stazeny-soubor-3-1-600x849.jpg 600w, https://www.kosmetikatrebic.cz/wp-content/uploads/2023/07/stazeny-soubor-3-1-212x300.jpg 212w" sizes="auto, (max-width: 659px) 100vw, 659px" /></figure>
</figure>
</div>
</div>



<p></p>

<p>Adresa: ul. Milady Horákové 404 674 01 Třebíč &#8211; Týn (parkování přímo před domem) Telefonní číslo: +420 606 756 075 E-mail:  jolanasmejkalova@seznam.cz Instagram: @h_cosmetics_jolana_holikova Otevírací doba: dle telefonické domluvy (obvykle 08.30 &#8211; 20.00 hodin)</p>
